
{"id":456,"date":"2022-04-25T18:04:13","date_gmt":"2022-04-25T18:04:13","guid":{"rendered":"https:\/\/portal.sanaciondefamilias.com\/?page_id=456"},"modified":"2025-05-31T06:47:56","modified_gmt":"2025-05-31T12:47:56","slug":"testimonios","status":"publish","type":"page","link":"https:\/\/portal.sanaciondefamilias.com\/?page_id=456","title":{"rendered":"Testimonios"},"content":{"rendered":"\n<h2 class=\"wp-block-heading\">Testimonio de Dulce: Sanaci\u00f3n de C\u00e1ncer y Solter\u00eda<\/h2>\n\n\n\n<figure class=\"wp-block-video\"><video height=\"480\" style=\"aspect-ratio: 854 \/ 480;\" width=\"854\" controls src=\"https:\/\/portal.sanaciondefamilias.com\/wp-content\/uploads\/2025\/02\/Testimonio-Dulce-13-feb-2025-1.mp4\"><\/video><\/figure>\n\n\n\n<div style=\"height:56px\" aria-hidden=\"true\" class=\"wp-block-spacer\"><\/div>\n\n\n\n<h2 class=\"wp-block-heading\">Testimonio Yanory<\/h2>\n\n\n\n<figure class=\"wp-block-video\"><video height=\"480\" style=\"aspect-ratio: 854 \/ 480;\" width=\"854\" controls src=\"https:\/\/portal.sanaciondefamilias.com\/wp-content\/uploads\/2023\/05\/Testimonio-Yanory.mp4\"><\/video><\/figure>\n\n\n\n<div style=\"height:42px\" aria-hidden=\"true\" class=\"wp-block-spacer\"><\/div>\n\n\n\n<h2 class=\"wp-block-heading\">Testimonio Familia Mendoza<\/h2>\n\n\n\n<figure class=\"wp-block-video\"><video height=\"480\" style=\"aspect-ratio: 854 \/ 480;\" width=\"854\" controls src=\"https:\/\/portal.sanaciondefamilias.com\/wp-content\/uploads\/2023\/05\/Testimonio-SDF-Fam.-Mendoza-W.mp4\"><\/video><\/figure>\n\n\n\n<div style=\"height:47px\" aria-hidden=\"true\" class=\"wp-block-spacer\"><\/div>\n\n\n\n<div style=\"height:18px\" aria-hidden=\"true\" class=\"wp-block-spacer\"><\/div>\n\n\n\n<h2 class=\"wp-block-heading\">Testimonio de M\u00f3nica <\/h2>\n\n\n\n<div style=\"height:29px\" aria-hidden=\"true\" class=\"wp-block-spacer\"><\/div>\n\n\n\n<figure class=\"wp-block-video\"><video height=\"480\" style=\"aspect-ratio: 854 \/ 480;\" width=\"854\" controls src=\"https:\/\/portal.sanaciondefamilias.com\/wp-content\/uploads\/2023\/01\/Testimonio-Monica-Aceves.mp4\"><\/video><\/figure>\n\n\n\n<div style=\"height:47px\" aria-hidden=\"true\" class=\"wp-block-spacer\"><\/div>\n\n\n\n<div style=\"height:24px\" aria-hidden=\"true\" class=\"wp-block-spacer\"><\/div>\n\n\n\n<h2 class=\"wp-block-heading\">Testimonio Carlos y Laura<\/h2>\n\n\n\n<figure class=\"wp-block-video\"><video height=\"480\" style=\"aspect-ratio: 854 \/ 480;\" width=\"854\" controls src=\"https:\/\/portal.sanaciondefamilias.com\/wp-content\/uploads\/2022\/09\/Testimonio-Carlos-y-Laura-1.mp4\"><\/video><\/figure>\n\n\n\n<h2 class=\"wp-block-heading\">Testimonio Paola<\/h2>\n\n\n\n<figure class=\"wp-block-embed is-type-video is-provider-youtube wp-block-embed-youtube wp-embed-aspect-16-9 wp-has-aspect-ratio\"><div class=\"wp-block-embed__wrapper\">\n<iframe loading=\"lazy\" title=\"Testimonio Paola SDF\" width=\"960\" height=\"540\" src=\"https:\/\/www.youtube.com\/embed\/CG2iDmBETNk?feature=oembed\" frameborder=\"0\" allow=\"accelerometer; autoplay; clipboard-write; encrypted-media; gyroscope; picture-in-picture; web-share\" referrerpolicy=\"strict-origin-when-cross-origin\" allowfullscreen><\/iframe>\n<\/div><\/figure>\n\n\n\n<h2 class=\"wp-block-heading\">Testimonio Francis<\/h2>\n\n\n\n<figure class=\"wp-block-embed is-type-video is-provider-youtube wp-block-embed-youtube wp-embed-aspect-16-9 wp-has-aspect-ratio\"><div class=\"wp-block-embed__wrapper\">\n<iframe loading=\"lazy\" title=\"Testimonio Francis 20 jun 2021\" width=\"960\" height=\"540\" src=\"https:\/\/www.youtube.com\/embed\/-6AByPVQobY?feature=oembed\" frameborder=\"0\" allow=\"accelerometer; autoplay; clipboard-write; encrypted-media; gyroscope; picture-in-picture; web-share\" referrerpolicy=\"strict-origin-when-cross-origin\" allowfullscreen><\/iframe>\n<\/div><\/figure>\n\n\n\n<h2 class=\"wp-block-heading\">Testimonio Luisa<\/h2>\n\n\n\n<figure class=\"wp-block-embed is-type-video is-provider-youtube wp-block-embed-youtube wp-embed-aspect-4-3 wp-has-aspect-ratio\"><div class=\"wp-block-embed__wrapper\">\n<iframe loading=\"lazy\" title=\"TESTIMONIO DE CONVERSION, LA SANACION DE FAMILIAS, P. YOZEFU\" width=\"960\" height=\"720\" src=\"https:\/\/www.youtube.com\/embed\/CjcvPINfbmw?feature=oembed\" frameborder=\"0\" allow=\"accelerometer; autoplay; clipboard-write; encrypted-media; gyroscope; picture-in-picture; web-share\" referrerpolicy=\"strict-origin-when-cross-origin\" allowfullscreen><\/iframe>\n<\/div><\/figure>\n","protected":false},"excerpt":{"rendered":"<p>Testimonio de Dulce: Sanaci\u00f3n de C\u00e1ncer y Solter\u00eda Testimonio Yanory Testimonio Familia Mendoza Testimonio de M\u00f3nica Testimonio Carlos y Laura Testimonio Paola Testimonio Francis Testimonio Luisa<\/p>\n","protected":false},"author":2,"featured_media":0,"parent":0,"menu_order":0,"comment_status":"closed","ping_status":"closed","template":"","meta":{"footnotes":""},"class_list":["post-456","page","type-page","status-publish","hentry"],"acf":[],"jetpack_sharing_enabled":true,"_links":{"self":[{"href":"https:\/\/portal.sanaciondefamilias.com\/index.php?rest_route=\/wp\/v2\/pages\/456","targetHints":{"allow":["GET"]}}],"collection":[{"href":"https:\/\/portal.sanaciondefamilias.com\/index.php?rest_route=\/wp\/v2\/pages"}],"about":[{"href":"https:\/\/portal.sanaciondefamilias.com\/index.php?rest_route=\/wp\/v2\/types\/page"}],"author":[{"embeddable":true,"href":"https:\/\/portal.sanaciondefamilias.com\/index.php?rest_route=\/wp\/v2\/users\/2"}],"replies":[{"embeddable":true,"href":"https:\/\/portal.sanaciondefamilias.com\/index.php?rest_route=%2Fwp%2Fv2%2Fcomments&post=456"}],"version-history":[{"count":15,"href":"https:\/\/portal.sanaciondefamilias.com\/index.php?rest_route=\/wp\/v2\/pages\/456\/revisions"}],"predecessor-version":[{"id":15175,"href":"https:\/\/portal.sanaciondefamilias.com\/index.php?rest_route=\/wp\/v2\/pages\/456\/revisions\/15175"}],"wp:attachment":[{"href":"https:\/\/portal.sanaciondefamilias.com\/index.php?rest_route=%2Fwp%2Fv2%2Fmedia&parent=456"}],"curies":[{"name":"wp","href":"https:\/\/api.w.org\/{rel}","templated":true}]}}